 is divided by p.
9
Suppose 4*h + 0 = 44. Let j = -1478 + 1520. Calculate the remainder when j is divided by h.
9
Let x = -4 + 7. Suppose -19 + 3 = 2*u. Let y(q) = -2*q - 7. What is the remainder when y(u) is divided by x?
0
Let i(x) = -x**2 + 8*x + 14. Let j be i(9). Suppose -d + 24 = -r + 6, -39 = -2*d + j*r. Calculate the remainder when d is divided by 6.
5
Let j = 229 - 212. Calculate the remainder when 31 is divided by j.
14
Suppose 122 = 2*a + 2*o, a + 2*o = -0*o + 66. What is the remainder when a is divided by 17?
5
Let c = 96 + -64. What is the remainder when 88 is divided by c?
24
Suppose -82 = -5*h + i, h - 2*i - 24 = 2*i. Let f be (-2)/(((-6)/(-4))/(21/28)). Let d = h + f. What is the remainder when 44 is divided by d?
14
Let p(c) = 17*c + 114. Calculate the remainder when 65 is divided by p(-5).
7
Let j(f) = 4*f**3 + f**2 + 2*f - 2. Let a be (12 + -10)*15/2. Suppose a = 5*x - c, -4*x - 7 = -0*c + 3*c. What is the remainder when j(x) is divided by 13?
12
Let r = 22 + -1. Let u = -20 + r. Calculate the remainder when (-20)/16*(-13 + u) is divided by 9.
6
Let x = -192 - -75. Calculate the remainder when 4/(-3)*x/6 is divided by 4 - (1 + -12 + 0).
11
Let h(u) = -19*u + 9. Let t be h(-8). Suppose 45 - t = -4*m. Let n = -4 + 12. What is the remainder when m is divided by n?
5
Suppose -5*y = -5*s + 370, -38*y = -2*s - 37*y + 147. Calculate the remainder when 506 is divided by s.
68
Let c = 23048 + -23030. What is the remainder when ((-10)/4)/((-1)/14) is divided by c?
17
Let f(o) be the first derivative of -3*o**2/2 + 13*o + 2. What is the remainder when f(-14) is divided by 19?
17
Suppose m + 372 = 4*b, 4*m - 64 = -3*b + 234. Suppose -2*y - v + b = 0, -4*v - 28 - 10 = -y. Calculate the remainder when y is divided by 24.
22
Let d = 254 + -228. What is the remainder when 122 is divided by d?
18
Let u = -592 + 774. Calculate the remainder when u is divided by 11.
6
Suppose 1371 = 17*q - 20*q. What is the remainder when q/(-7) - 2/7 is divided by 17?
14
Let r be (388/(-8))/((-1)/2). Let s = r - 38. What is the remainder when s is divided by 10?
9
Suppose 0 = 4*y - 2*y - 16. Let w(z) = 34 - 26 - 2*z + z. What is the remainder when y is divided by w(5)?
2
Suppose -4*i + 65 = 5*u, -49 - 31 = -5*i - 5*u. Suppose 5*h - 335 = -50. Calculate the remainder when h is divided by i.
12
Let h(g) = -g - 1. Let s be h(2). Let k be -83 - ((-2 - -1) + 1). What is the remainder when 52 is divided by k/s - 6/9?
25
Suppose 10*g - 1740 = -10*g. What is the remainder when g is divided by 34?
19
Suppose t + t = 0. Let b be 5 - t/((-9)/3). Suppose 0 = -c + b*j - 3*j + 12, 4*j - 60 = -4*c. What is the remainder when 54 is divided by c?
12
Suppose 3*x - 4 = 2*x. Let u(n) = n**2 + 11*n + 10. Let q be u(-12). Let l = q - x. What is the remainder when 87 is divided by l?
15
Suppose -a + 21 + 2 = 0. Let c(h) = -4*h + 7. Let l(x) = -x. Let z(t) = -2*c(t) + 6*l(t). Calculate the remainder when a is divided by z(10).
5
Suppose 0 = 9*m + 4*m - 14222. What is the remainder when m is divided by 15?
14
Suppose -20 = -5*j, -j = l - 5*l + 164. Calculate the remainder when l is divided by 3/(-6) - (-45)/2.
20
Let p(l) = -17*l**3 - 3*l**2 + 8*l - 2. Let z be p(3). Suppose -18 = c - 48. What is the remainder when c is divided by (-12)/(-78) + z/(-26) - 2?
14
Let o(x) = -3*x + 22 + 31 - 65. Let a be o(-5). Suppose 3*d = a*l - 21, 3*l = d - 2*d + 5. What is the remainder when l is divided by 3?
0
Let p = -442 + 456. Calculate the remainder when 87 is divided by p.
3
Let i(l) = -2*l**3 + 6*l**2 - 7*l + 42. What is the remainder when i(-9) is divided by 38?
35
Suppose 2*b + 3*b = -3*t + 74, -5*b + 80 = 5*t. Let z(g) = -g**2 + 15*g - 19. Let w be z(b). Let f = 3 + w. What is the remainder when 59 is divided by f?
9
Suppose -76 = -w - 5*k, w - 20*k - 41 = -18*k. What is the remainder when w is divided by 3?
0
What is the remainder when 13*((-138)/(-10) + 9/45) is divided by 38?
30
Let f = -819 - -1366. What is the remainder when f is divided by 61?
59
Let m be 105/(-20) - (-6)/(-8). Let n be 48/(-9) - 2/m. What is the remainder when (236/(-10))/(2/n) is divided by 20?
19
Calculate the remainder when 198 is divided by (-4)/(-12) - (-240)/36.
2
Suppose 11*o = 91 + 96. What is the remainder when 22 is divided by o?
5
Suppose 68 = -0*y + 4*y. Let o = 1920 - 1916. What is the remainder when y is divided by o?
1
Suppose 0 = 6*w - w - 165. Suppose 5*v - 43 - 2 = 0. What is the remainder when w is divided by v?
6
What is the remainder when 2230 is divided by (14 - 12) + (94 - -1)?
96
Let n be (-5)/10 + 10/4. Suppose -4*k + 16 = -2*k - n*q, q + 4 = 0. Suppose -k*g - 12 = -4*z, 6*z - g = 3*z + 7. What is the remainder when z is divided by 1?
0
Calculate the remainder when (70/3)/(3*1/18) is divided by 47.
46
Let s = -77 - -718. What is the remainder when s is divided by 27?
20
Suppose 5*h = -52*h + 1083. What is the remainder when 490 is divided by h?
15
Suppose -15*v + 192 = -13*v. Suppose -2*m - v = -5*m. What is the remainder when m is divided by 1 + 0 + (-1 - -17)?
15
Suppose -5*x + 10*x = -175. Calculate the remainder when 0 - (-7)/(x/(-20)) is divided by 2.
0
Let v(d) = d**2 + 4*d + 8. Calculate the remainder when v(6) is divided by 35.
33
Suppose -8*z = -3*z. Let r = -7 + z. Let q = 14 + r. What is the remainder when q is divided by 5?
2
Let h be -4*2/8*-1 + -4. Calculate the remainder when 24 is divided by 0 - 42/(-5) - h/5.
6
Let a = -1216 - -1296. What is the remainder when a is divided by 45?
35
Suppose 2*t + 14*c = 17*c + 598, 4 = -2*c. Calculate the remainder when t is divided by 33.
32
Let j(i) be the third derivative of -i**4/24 + 2*i**3/3 - 19*i**2. What is the remainder when 26 is divided by j(-6)?
6
Suppose -x = 2*m - 14, -1 = -3*m + 2*m. Let p = 301 - 705. Calculate the remainder when p/(-12) - (-2)/(-3) is divided by x.
9
Let t = -3081 - -4168. Calculate the remainder when t is divided by 32.
31
Let z be (-270)/(-8) + 4/16. Let j = -8 + z. Suppose -2*b = 8 - 158. What is the remainder when b is divided by j?
23
Suppose 2*c + 10 + 0 = 0. Let w = c - -17. Suppose 3 = z - w. What is the remainder when 42 is divided by z?
12
Calculate the remainder when 125 is divided by 1122/143 + 1 - (-2)/13.
8
Let f be (-14)/63 - 202/(-18). Suppose -24 = -7*z + f. What is the remainder when 7 is divided by z?
2
Let b be 70/(-4)*16/(-10). Let v = 7 - b. Let s = v - -38. Calculate the remainder when 65 is divided by s.
14
Let v be (19 - 3)/(-4) - -1. Let f(o) = -142*o + 1. Let a be f(v). Calculate the remainder when (-2)/(-11) + a/11 is divided by 20.
19
Suppose 5*p - p = 3*a - 9, 5*p = 0. Suppose a*l - 14 = -5*i + 1, -2*i - 36 = -3*l. What is the remainder when 4/((-4)/(-2)) + 14 is divided by l?
6
Let w be (2 - (-59)/(-4))/((-8)/192). Suppose -o + 3*q + w = 3*o, -2*q = -5*o + 379. What is the remainder when o is divided by 11?
9
Suppose 0*z - 2*z = 0. Suppose -3*r + 62 + 34 = 0. Suppose z = 6*l - 5*l - r. What is the remainder when l is divided by 17?
15
Let a(k) = -k**2 + 3*k + 13. Let h be a(6). Let w = h - -10. Suppose 0 = -i + g + 55, -w*g = -3*i - 10*g + 165. What is the remainder when i is divided by 14?
13
Suppose -4*u + j + 12 = -3*j, 0 = 2*u + 3*j + 4. What is the remainder when 54 is divided by 14/(3*2/6*u)?
12
What is the remainder when -235*(3 + 16/(-5)) is divided by (-20)/30 + (-154)/(-6)*1?
22
Let u(w) = -2*w**3 + 16*w**2 + 20*w - 151. What is the remainder when u(8) is divided by 7?
2
Suppose 180 = -11*c + 862. Calculate the remainder when 493 is divided by c.
59
Let r(f) be the third derivative of f**4/6 + 13*f**3/6 + 27*f**2. Calculate the remainder when r(6) is divided by 11.
4
Suppose -z - z = 24. Let g = 12 + z. Suppose g = -4*l + 59 + 21. What is the remainder when l is divided by 11?
9
Let f(q) be the third derivative of q**5/15 + q**4/12 + 7*q**3/6 + 13*q**2. Calculate the remainder when f(3) is divided by 13.
10
Let x(s) = s**2 + 2*s + 96. Let b be x(0). Let g = b + -27. What is the remainder when g is divided by 14?
13
Let u be (-6)/(-16) + (-666)/(-144). Suppose u*m - 322 = 253. Calculate the remainder when m is divided by 29.
28
Let l = 149 + -89. What is the remainder when 171 is divided by l?
51
Let c be 6/(-4)*3/(45/(-350)). Let w = -19 + c. Calculate the rema